{"id":15,"date":"2024-04-18T09:53:06","date_gmt":"2024-04-18T09:53:06","guid":{"rendered":"https:\/\/rovadent.ro\/?page_id=15"},"modified":"2024-04-18T15:02:37","modified_gmt":"2024-04-18T15:02:37","slug":"servicii","status":"publish","type":"page","link":"https:\/\/rovadent.ro\/index.php\/servicii\/","title":{"rendered":"Servicii"},"content":{"rendered":"\t\t<div data-elementor-type=\"wp-page\" data-elementor-id=\"15\" class=\"elementor elementor-15\" data-elementor-post-type=\"page\">\n\t\t\t\t\t\t<section class=\"elementor-section elementor-top-section elementor-element elementor-element-1b73e3e4 elementor-section-height-min-height elementor-section-boxed elementor-section-height-default elementor-section-items-middle\" data-id=\"1b73e3e4\" data-element_type=\"section\" data-e-type=\"section\" data-settings=\"{&quot;background_background&quot;:&quot;classic&quot;}\">\n\t\t\t\t\t\t\t<div class=\"elementor-background-overlay\"><\/div>\n\t\t\t\t\t\t\t<div class=\"elementor-container elementor-column-gap-default\">\n\t\t\t\t\t<div class=\"elementor-column elementor-col-100 elementor-top-column elementor-element elementor-element-1dff87c5\" data-id=\"1dff87c5\" data-element_type=\"column\" data-e-type=\"column\">\n\t\t\t<div class=\"elementor-widget-wrap elementor-element-populated\">\n\t\t\t\t\t\t<div class=\"elementor-element elementor-element-4cd06509 de_scroll_animation_no elementor-invisible elementor-widget elementor-widget-heading\" data-id=\"4cd06509\" data-element_type=\"widget\" data-e-type=\"widget\" data-settings=\"{&quot;_animation&quot;:&quot;fadeInUp&quot;}\" data-widget_type=\"heading.default\">\n\t\t\t\t<div class=\"elementor-widget-container\">\n\t\t\t\t\t<h2 class=\"elementor-heading-title elementor-size-default\">Servicii<\/h2>\t\t\t\t<\/div>\n\t\t\t\t<\/div>\n\t\t\t\t\t<\/div>\n\t\t<\/div>\n\t\t\t\t\t<\/div>\n\t\t<\/section>\n\t\t\t\t<section class=\"elementor-section elementor-top-section elementor-element elementor-element-822dfe1 elementor-section-boxed elementor-section-height-default elementor-section-height-default\" data-id=\"822dfe1\" data-element_type=\"section\" data-e-type=\"section\" data-settings=\"{&quot;background_background&quot;:&quot;classic&quot;}\">\n\t\t\t\t\t\t<div class=\"elementor-container elementor-column-gap-default\">\n\t\t\t\t\t<div class=\"elementor-column elementor-col-100 elementor-top-column elementor-element elementor-element-1598cbeb\" data-id=\"1598cbeb\" data-element_type=\"column\" data-e-type=\"column\">\n\t\t\t<div class=\"elementor-widget-wrap elementor-element-populated\">\n\t\t\t\t\t\t<section class=\"elementor-section elementor-inner-section elementor-element elementor-element-5ca1845d elementor-section-boxed elementor-section-height-default elementor-section-height-default\" data-id=\"5ca1845d\" data-element_type=\"section\" data-e-type=\"section\">\n\t\t\t\t\t\t<div class=\"elementor-container elementor-column-gap-default\">\n\t\t\t\t\t<div class=\"elementor-column elementor-col-50 elementor-inner-column elementor-element elementor-element-364990b7\" data-id=\"364990b7\" data-element_type=\"column\" data-e-type=\"column\">\n\t\t\t<div class=\"elementor-widget-wrap elementor-element-populated\">\n\t\t\t\t\t\t<div class=\"elementor-element elementor-element-538bcb6e de_scroll_animation_no elementor-invisible elementor-widget elementor-widget-text-editor\" data-id=\"538bcb6e\" data-element_type=\"widget\" data-e-type=\"widget\" data-settings=\"{&quot;_animation&quot;:&quot;fadeInUp&quot;}\" data-widget_type=\"text-editor.default\">\n\t\t\t\t<div class=\"elementor-widget-container\">\n\t\t\t\t\t\t\t\t\t<p>Serviciile noastre<\/p>\t\t\t\t\t\t\t\t<\/div>\n\t\t\t\t<\/div>\n\t\t\t\t<div class=\"elementor-element elementor-element-65b54df6 de_scroll_animation_no elementor-invisible elementor-widget elementor-widget-heading\" data-id=\"65b54df6\" data-element_type=\"widget\" data-e-type=\"widget\" data-settings=\"{&quot;_animation&quot;:&quot;fadeInUp&quot;,&quot;_animation_delay&quot;:200}\" data-widget_type=\"heading.default\">\n\t\t\t\t<div class=\"elementor-widget-container\">\n\t\t\t\t\t<h2 class=\"elementor-heading-title elementor-size-default\">Clinica Dentar\u0103 Rovadent<\/h2>\t\t\t\t<\/div>\n\t\t\t\t<\/div>\n\t\t\t\t\t<\/div>\n\t\t<\/div>\n\t\t\t\t<div class=\"elementor-column elementor-col-50 elementor-inner-column elementor-element elementor-element-1008057d elementor-hidden-tablet elementor-hidden-mobile elementor-invisible\" data-id=\"1008057d\" data-element_type=\"column\" data-e-type=\"column\" data-settings=\"{&quot;background_background&quot;:&quot;classic&quot;,&quot;animation&quot;:&quot;fadeIn&quot;}\">\n\t\t\t<div class=\"elementor-widget-wrap elementor-element-populated\">\n\t\t\t\t\t<div class=\"elementor-background-overlay\"><\/div>\n\t\t\t\t\t\t<div class=\"elementor-element elementor-element-618361f9 de_scroll_animation_no elementor-invisible elementor-widget elementor-widget-image\" data-id=\"618361f9\" data-element_type=\"widget\" data-e-type=\"widget\" data-settings=\"{&quot;_animation&quot;:&quot;fadeIn&quot;,&quot;_animation_delay&quot;:200}\" data-widget_type=\"image.default\">\n\t\t\t\t<div class=\"elementor-widget-container\">\n\t\t\t\t\t\t\t\t\t\t\t\t\t\t\t<img fetchpriority=\"high\" decoding=\"async\" width=\"412\" height=\"417\" src=\"https:\/\/rovadent.ro\/wp-content\/uploads\/2024\/04\/logo_Asset-5.png\" class=\"attachment-large size-large wp-image-44\" alt=\"\" srcset=\"https:\/\/rovadent.ro\/wp-content\/uploads\/2024\/04\/logo_Asset-5.png 412w, https:\/\/rovadent.ro\/wp-content\/uploads\/2024\/04\/logo_Asset-5-296x300.png 296w\" sizes=\"(max-width: 412px) 100vw, 412px\" \/>\t\t\t\t\t\t\t\t\t\t\t\t\t\t\t<\/div>\n\t\t\t\t<\/div>\n\t\t\t\t\t<\/div>\n\t\t<\/div>\n\t\t\t\t\t<\/div>\n\t\t<\/section>\n\t\t\t\t<section class=\"elementor-section elementor-inner-section elementor-element elementor-element-601d6216 elementor-section-boxed elementor-section-height-default elementor-section-height-default\" data-id=\"601d6216\" data-element_type=\"section\" data-e-type=\"section\">\n\t\t\t\t\t\t<div class=\"elementor-container elementor-column-gap-default\">\n\t\t\t\t\t<div class=\"elementor-column elementor-col-33 elementor-inner-column elementor-element elementor-element-5f649ce3 elementor-invisible\" data-id=\"5f649ce3\" data-element_type=\"column\" data-e-type=\"column\" data-settings=\"{&quot;animation&quot;:&quot;fadeIn&quot;,&quot;animation_delay&quot;:200}\">\n\t\t\t<div class=\"elementor-widget-wrap elementor-element-populated\">\n\t\t\t\t\t\t<div class=\"elementor-element elementor-element-3653109 ekit-equal-height-enable de_scroll_animation_no elementor-widget elementor-widget-elementskit-image-box\" data-id=\"3653109\" data-element_type=\"widget\" data-e-type=\"widget\" data-widget_type=\"elementskit-image-box.default\">\n\t\t\t\t<div class=\"elementor-widget-container\">\n\t\t\t\t\t<div class=\"ekit-wid-con\" >\n            <div class=\"elementskit-info-image-box ekit-image-box text-left simple-card\" >\n\n                \n                <div class=\"elementskit-box-header image-box-img-left\">\n\n                    <img decoding=\"async\" width=\"1102\" height=\"823\" src=\"https:\/\/rovadent.ro\/wp-content\/uploads\/2024\/04\/p4-latextul-pentru-radiologie-dentara-trebuie-pusa.jpeg\" class=\"attachment-full size-full wp-image-121\" alt=\"\" srcset=\"https:\/\/rovadent.ro\/wp-content\/uploads\/2024\/04\/p4-latextul-pentru-radiologie-dentara-trebuie-pusa.jpeg 1102w, https:\/\/rovadent.ro\/wp-content\/uploads\/2024\/04\/p4-latextul-pentru-radiologie-dentara-trebuie-pusa-300x224.jpeg 300w, https:\/\/rovadent.ro\/wp-content\/uploads\/2024\/04\/p4-latextul-pentru-radiologie-dentara-trebuie-pusa-1024x765.jpeg 1024w, https:\/\/rovadent.ro\/wp-content\/uploads\/2024\/04\/p4-latextul-pentru-radiologie-dentara-trebuie-pusa-768x574.jpeg 768w\" sizes=\"(max-width: 1102px) 100vw, 1102px\" \/>\n                <\/div>\n                \n                <div class=\"elementskit-box-body ekit-image-box-body\">\n                    <div class=\"elementskit-box-content ekit-image-box-body-inner\">\n                                                <h3 class=\"elementskit-info-box-title\">\n\n                        Radiologie dentara\n                        \n                    <\/h3>\n                                                            <div class=\"elementskit-box-style-content\">\n                        Alegem precizia diagnosticului dentar cu efectuarea de radiografii dentare direct in cabinetul nostru, in consultatii fiind \u2013 elementul esen\u021bial pentru o evaluare complet\u0103 a s\u0103n\u0103t\u0103\u021bii orale. F\u0103r\u0103 acest pas crucial, niciun diagnostic nu este complet. Cabinetul nostru are aparatura de radiologie dentar\u0103 digital\u0103, asigur\u00e2ndu-v\u0103 astfel imagini clare \u0219i detaliate pentru o analiz\u0103 am\u0103nun\u021bit\u0103.                     <\/div>\n                                    <\/div>\n\n                            <\/div>\n            <\/div>\n    <\/div>\t\t\t\t<\/div>\n\t\t\t\t<\/div>\n\t\t\t\t\t<\/div>\n\t\t<\/div>\n\t\t\t\t<div class=\"elementor-column elementor-col-33 elementor-inner-column elementor-element elementor-element-8647071 elementor-invisible\" data-id=\"8647071\" data-element_type=\"column\" data-e-type=\"column\" data-settings=\"{&quot;animation&quot;:&quot;fadeIn&quot;,&quot;animation_delay&quot;:400}\">\n\t\t\t<div class=\"elementor-widget-wrap elementor-element-populated\">\n\t\t\t\t\t\t<div class=\"elementor-element elementor-element-a9099c6 ekit-equal-height-enable de_scroll_animation_no elementor-widget elementor-widget-elementskit-image-box\" data-id=\"a9099c6\" data-element_type=\"widget\" data-e-type=\"widget\" data-widget_type=\"elementskit-image-box.default\">\n\t\t\t\t<div class=\"elementor-widget-container\">\n\t\t\t\t\t<div class=\"ekit-wid-con\" >\n            <div class=\"elementskit-info-image-box ekit-image-box text-left simple-card\" >\n\n                \n                <div class=\"elementskit-box-header image-box-img-left\">\n\n                    <img decoding=\"async\" width=\"1102\" height=\"823\" src=\"https:\/\/rovadent.ro\/wp-content\/uploads\/2024\/04\/poza10.jpeg\" class=\"attachment-full size-full wp-image-127\" alt=\"\" srcset=\"https:\/\/rovadent.ro\/wp-content\/uploads\/2024\/04\/poza10.jpeg 1102w, https:\/\/rovadent.ro\/wp-content\/uploads\/2024\/04\/poza10-300x224.jpeg 300w, https:\/\/rovadent.ro\/wp-content\/uploads\/2024\/04\/poza10-1024x765.jpeg 1024w, https:\/\/rovadent.ro\/wp-content\/uploads\/2024\/04\/poza10-768x574.jpeg 768w\" sizes=\"(max-width: 1102px) 100vw, 1102px\" \/>\n                <\/div>\n                \n                <div class=\"elementskit-box-body ekit-image-box-body\">\n                    <div class=\"elementskit-box-content ekit-image-box-body-inner\">\n                                                <h3 class=\"elementskit-info-box-title\">\n\n                        Estetica dentara \n                        \n                    <\/h3>\n                                                            <div class=\"elementskit-box-style-content\">\n                        Realiz\u0103m proceduri  complete, venind \u00een \u00eent\u00e2mpinarea unui spectru larg de leziuni \u0219i traumatisme dentare.<br>\n\u2022Obtura\u021bii fizionomice ( plombe);<br>\n\u2022Fa\u021bet\u0103ri;<br>\n\u2022Coroane \u0219i pun\u021bi dentare;<br>\n\u2022Incrusta\u021bii sau obtura\u021bii indirecte (Inlay \u0219i Onlay).<br>\nFie c\u0103 este vorba de carii simple sau complicate, tratamentul acestora se face sub anestezie local\u0103 pentru a minimiza durerea \u0219i disconfortul. \n                    <\/div>\n                                    <\/div>\n\n                            <\/div>\n            <\/div>\n    <\/div>\t\t\t\t<\/div>\n\t\t\t\t<\/div>\n\t\t\t\t\t<\/div>\n\t\t<\/div>\n\t\t\t\t<div class=\"elementor-column elementor-col-33 elementor-inner-column elementor-element elementor-element-2ffc7da2 elementor-invisible\" data-id=\"2ffc7da2\" data-element_type=\"column\" data-e-type=\"column\" data-settings=\"{&quot;animation&quot;:&quot;fadeIn&quot;,&quot;animation_delay&quot;:800}\">\n\t\t\t<div class=\"elementor-widget-wrap elementor-element-populated\">\n\t\t\t\t\t\t<div class=\"elementor-element elementor-element-8d0cbac ekit-equal-height-enable de_scroll_animation_no elementor-widget elementor-widget-elementskit-image-box\" data-id=\"8d0cbac\" data-element_type=\"widget\" data-e-type=\"widget\" data-widget_type=\"elementskit-image-box.default\">\n\t\t\t\t<div class=\"elementor-widget-container\">\n\t\t\t\t\t<div class=\"ekit-wid-con\" >\n            <div class=\"elementskit-info-image-box ekit-image-box text-left simple-card\" >\n\n                \n                <div class=\"elementskit-box-header image-box-img-left\">\n\n                    <img loading=\"lazy\" decoding=\"async\" width=\"1102\" height=\"823\" src=\"https:\/\/rovadent.ro\/wp-content\/uploads\/2024\/04\/poza9.jpeg\" class=\"attachment-full size-full wp-image-128\" alt=\"\" srcset=\"https:\/\/rovadent.ro\/wp-content\/uploads\/2024\/04\/poza9.jpeg 1102w, https:\/\/rovadent.ro\/wp-content\/uploads\/2024\/04\/poza9-300x224.jpeg 300w, https:\/\/rovadent.ro\/wp-content\/uploads\/2024\/04\/poza9-1024x765.jpeg 1024w, https:\/\/rovadent.ro\/wp-content\/uploads\/2024\/04\/poza9-768x574.jpeg 768w\" sizes=\"(max-width: 1102px) 100vw, 1102px\" \/>\n                <\/div>\n                \n                <div class=\"elementskit-box-body ekit-image-box-body\">\n                    <div class=\"elementskit-box-content ekit-image-box-body-inner\">\n                                                <h3 class=\"elementskit-info-box-title\">\n\n                        Endodontie\n                        \n                    <\/h3>\n                                                            <div class=\"elementskit-box-style-content\">\n                        Cunoscuta ca si tratament de canal sau scosul nervului.<br>\nCauze si cand se realizeaza - Infec\u021biile \u0219i inflama\u021biile de la nivelul pulpei dentare pot s\u0103 apar\u0103 din diverse motive: <br>\n\u2022Carii ad\u00e2nci, dezvoltate \u00een profunzime;<br>\n\u2022Obtura\u021bii (plombe) prea profunde;<br>\n\u2022Traume ale danturii resim\u021bite \u00een urma unei interven\u021bii stomatologice recurente;<br>\n\u2022\u0218lefuirea incorect\u0103 a din\u021bilor \u00een cadrul tratamentelor protetice, care poate s\u0103 duc\u0103 la leziuni de natur\u0103 mecanic\u0103 sau de natur\u0103 termic\u0103;<br>\n\u2022Diverse fisuri sau fracturi dentare. \n\n                    <\/div>\n                                    <\/div>\n\n                            <\/div>\n            <\/div>\n    <\/div>\t\t\t\t<\/div>\n\t\t\t\t<\/div>\n\t\t\t\t\t<\/div>\n\t\t<\/div>\n\t\t\t\t\t<\/div>\n\t\t<\/section>\n\t\t\t\t<section class=\"elementor-section elementor-inner-section elementor-element elementor-element-fa4c8d1 elementor-section-boxed elementor-section-height-default elementor-section-height-default\" data-id=\"fa4c8d1\" data-element_type=\"section\" data-e-type=\"section\">\n\t\t\t\t\t\t<div class=\"elementor-container elementor-column-gap-default\">\n\t\t\t\t\t<div class=\"elementor-column elementor-col-33 elementor-inner-column elementor-element elementor-element-a3b6ef3 elementor-invisible\" data-id=\"a3b6ef3\" data-element_type=\"column\" data-e-type=\"column\" data-settings=\"{&quot;animation&quot;:&quot;fadeIn&quot;,&quot;animation_delay&quot;:200}\">\n\t\t\t<div class=\"elementor-widget-wrap elementor-element-populated\">\n\t\t\t\t\t\t<div class=\"elementor-element elementor-element-b18691d ekit-equal-height-enable de_scroll_animation_no elementor-widget elementor-widget-elementskit-image-box\" data-id=\"b18691d\" data-element_type=\"widget\" data-e-type=\"widget\" data-widget_type=\"elementskit-image-box.default\">\n\t\t\t\t<div class=\"elementor-widget-container\">\n\t\t\t\t\t<div class=\"ekit-wid-con\" >\n            <div class=\"elementskit-info-image-box ekit-image-box text-left simple-card\" >\n\n                \n                <div class=\"elementskit-box-header image-box-img-left\">\n\n                    <img loading=\"lazy\" decoding=\"async\" width=\"1102\" height=\"823\" src=\"https:\/\/rovadent.ro\/wp-content\/uploads\/2024\/04\/p4-latextul-pentru-radiologie-dentara-trebuie-pusa-1.jpeg\" class=\"attachment-full size-full wp-image-124\" alt=\"\" srcset=\"https:\/\/rovadent.ro\/wp-content\/uploads\/2024\/04\/p4-latextul-pentru-radiologie-dentara-trebuie-pusa-1.jpeg 1102w, https:\/\/rovadent.ro\/wp-content\/uploads\/2024\/04\/p4-latextul-pentru-radiologie-dentara-trebuie-pusa-1-300x224.jpeg 300w, https:\/\/rovadent.ro\/wp-content\/uploads\/2024\/04\/p4-latextul-pentru-radiologie-dentara-trebuie-pusa-1-1024x765.jpeg 1024w, https:\/\/rovadent.ro\/wp-content\/uploads\/2024\/04\/p4-latextul-pentru-radiologie-dentara-trebuie-pusa-1-768x574.jpeg 768w\" sizes=\"(max-width: 1102px) 100vw, 1102px\" \/>\n                <\/div>\n                \n                <div class=\"elementskit-box-body ekit-image-box-body\">\n                    <div class=\"elementskit-box-content ekit-image-box-body-inner\">\n                                                <h3 class=\"elementskit-info-box-title\">\n\n                        Chirurgie dentara\n                        \n                    <\/h3>\n                                                            <div class=\"elementskit-box-style-content\">\n                        Interventile chirurgicale stomatologice pot fi necesare in multiple contexte, se poate efectuya o extractie simpla sau una complicata, de la un dinte cu mobilitate pana la o extractie de molar de minte atipic erupt. Efectuata la timp , orice procedura de chirurgie dentara va permite sa va bucurati din nou de un zambet frumos si sanatos. Oferim solutii sa va recapatati acest zambet.                    <\/div>\n                                    <\/div>\n\n                            <\/div>\n            <\/div>\n    <\/div>\t\t\t\t<\/div>\n\t\t\t\t<\/div>\n\t\t\t\t\t<\/div>\n\t\t<\/div>\n\t\t\t\t<div class=\"elementor-column elementor-col-33 elementor-inner-column elementor-element elementor-element-31cb724 elementor-invisible\" data-id=\"31cb724\" data-element_type=\"column\" data-e-type=\"column\" data-settings=\"{&quot;animation&quot;:&quot;fadeIn&quot;,&quot;animation_delay&quot;:400}\">\n\t\t\t<div class=\"elementor-widget-wrap elementor-element-populated\">\n\t\t\t\t\t\t<div class=\"elementor-element elementor-element-9544382 ekit-equal-height-enable de_scroll_animation_no elementor-widget elementor-widget-elementskit-image-box\" data-id=\"9544382\" data-element_type=\"widget\" data-e-type=\"widget\" data-widget_type=\"elementskit-image-box.default\">\n\t\t\t\t<div class=\"elementor-widget-container\">\n\t\t\t\t\t<div class=\"ekit-wid-con\" >\n            <div class=\"elementskit-info-image-box ekit-image-box text-left simple-card\" >\n\n                \n                <div class=\"elementskit-box-header image-box-img-left\">\n\n                    <img loading=\"lazy\" decoding=\"async\" width=\"1102\" height=\"823\" src=\"https:\/\/rovadent.ro\/wp-content\/uploads\/2024\/04\/poza.jpeg\" class=\"attachment-full size-full wp-image-125\" alt=\"\" srcset=\"https:\/\/rovadent.ro\/wp-content\/uploads\/2024\/04\/poza.jpeg 1102w, https:\/\/rovadent.ro\/wp-content\/uploads\/2024\/04\/poza-300x224.jpeg 300w, https:\/\/rovadent.ro\/wp-content\/uploads\/2024\/04\/poza-1024x765.jpeg 1024w, https:\/\/rovadent.ro\/wp-content\/uploads\/2024\/04\/poza-768x574.jpeg 768w\" sizes=\"(max-width: 1102px) 100vw, 1102px\" \/>\n                <\/div>\n                \n                <div class=\"elementskit-box-body ekit-image-box-body\">\n                    <div class=\"elementskit-box-content ekit-image-box-body-inner\">\n                                                <h3 class=\"elementskit-info-box-title\">\n\n                        Ortodontie\n                        \n                    <\/h3>\n                                                            <div class=\"elementskit-box-style-content\">\n                        Ortodontia este o specialitate a medicinei dentare care se concentreaz\u0103 pe corectarea problemelor de aliniere a din\u021bilor \u0219i a maxilarelor. Printre principalele probleme tratate se num\u0103r\u0103 din\u021bii str\u00e2mbi, spa\u021biile \u00eentre din\u021bi, mu\u0219c\u0103tura incorect\u0103 \u0219i anomalii ale maxilarelor. Tratamentul ortodontic poate implica utilizarea bretelelor, a aparatelor dentare invizibile sau a dispozitivelor speciale pentru a \u00eembun\u0103t\u0103\u021bi estetica \u0219i func\u021bionalitatea z\u00e2mbetului \u0219i a mu\u0219c\u0103turii.                    <\/div>\n                                    <\/div>\n\n                            <\/div>\n            <\/div>\n    <\/div>\t\t\t\t<\/div>\n\t\t\t\t<\/div>\n\t\t\t\t\t<\/div>\n\t\t<\/div>\n\t\t\t\t<div class=\"elementor-column elementor-col-33 elementor-inner-column elementor-element elementor-element-c08cc2c elementor-invisible\" data-id=\"c08cc2c\" data-element_type=\"column\" data-e-type=\"column\" data-settings=\"{&quot;animation&quot;:&quot;fadeIn&quot;,&quot;animation_delay&quot;:800}\">\n\t\t\t<div class=\"elementor-widget-wrap elementor-element-populated\">\n\t\t\t\t\t\t<div class=\"elementor-element elementor-element-01d244a ekit-equal-height-enable de_scroll_animation_no elementor-widget elementor-widget-elementskit-image-box\" data-id=\"01d244a\" data-element_type=\"widget\" data-e-type=\"widget\" data-widget_type=\"elementskit-image-box.default\">\n\t\t\t\t<div class=\"elementor-widget-container\">\n\t\t\t\t\t<div class=\"ekit-wid-con\" >\n            <div class=\"elementskit-info-image-box ekit-image-box text-left simple-card\" >\n\n                \n                <div class=\"elementskit-box-header image-box-img-left\">\n\n                    <img loading=\"lazy\" decoding=\"async\" width=\"1102\" height=\"823\" src=\"https:\/\/rovadent.ro\/wp-content\/uploads\/2024\/04\/poza8.jpeg\" class=\"attachment-full size-full wp-image-129\" alt=\"\" srcset=\"https:\/\/rovadent.ro\/wp-content\/uploads\/2024\/04\/poza8.jpeg 1102w, https:\/\/rovadent.ro\/wp-content\/uploads\/2024\/04\/poza8-300x224.jpeg 300w, https:\/\/rovadent.ro\/wp-content\/uploads\/2024\/04\/poza8-1024x765.jpeg 1024w, https:\/\/rovadent.ro\/wp-content\/uploads\/2024\/04\/poza8-768x574.jpeg 768w\" sizes=\"(max-width: 1102px) 100vw, 1102px\" \/>\n                <\/div>\n                \n                <div class=\"elementskit-box-body ekit-image-box-body\">\n                    <div class=\"elementskit-box-content ekit-image-box-body-inner\">\n                                                <h3 class=\"elementskit-info-box-title\">\n\n                        Profilaxia dentara\n                        \n                    <\/h3>\n                                                            <div class=\"elementskit-box-style-content\">\n                        Profilaxia dentar\u0103 este o serie de m\u0103suri preventive menite s\u0103 men\u021bin\u0103 s\u0103n\u0103tatea oral\u0103 \u0219i s\u0103 previn\u0103 apari\u021bia problemelor dentare \u0219i gingivale.\nProfilaxia dentar\u0103 joac\u0103 un rol crucial \u00een prevenirea cariilor dentare, a bolilor gingivale \u0219i a altor afec\u021biuni dentare, contribuind la men\u021binerea unui z\u00e2mbet s\u0103n\u0103tos \u0219i frumos\n                    <\/div>\n                                    <\/div>\n\n                            <\/div>\n            <\/div>\n    <\/div>\t\t\t\t<\/div>\n\t\t\t\t<\/div>\n\t\t\t\t\t<\/div>\n\t\t<\/div>\n\t\t\t\t\t<\/div>\n\t\t<\/section>\n\t\t\t\t\t<\/div>\n\t\t<\/div>\n\t\t\t\t\t<\/div>\n\t\t<\/section>\n\t\t\t\t<\/div>\n\t\t","protected":false},"excerpt":{"rendered":"<p>Servicii Serviciile noastre Clinica Dentar\u0103 Rovadent Radiologie dentara Alegem precizia diagnosticului dentar cu efectuarea de radiografii dentare direct in cabinetul nostru, in consultatii fiind \u2013 elementul esen\u021bial pentru o evaluare complet\u0103 a s\u0103n\u0103t\u0103\u021bii orale. F\u0103r\u0103 acest pas crucial, niciun diagnostic nu este complet. Cabinetul nostru are aparatura de radiologie dentar\u0103 digital\u0103, asigur\u00e2ndu-v\u0103 astfel imagini clare [&hellip;]<\/p>\n","protected":false},"author":1,"featured_media":0,"parent":0,"menu_order":0,"comment_status":"closed","ping_status":"closed","template":"","meta":{"_seopress_robots_primary_cat":"","_seopress_titles_title":"Radiologie \u0219i Servicii Dentare de Calitate - Clinica Dentar\u0103 Rovadent","_seopress_titles_desc":"Descoper\u0103 Rovadent, clinica dentar\u0103 ce asigur\u0103 radiografii dentare de precizie, interven\u021bii de estetic\u0103 \u0219i chirurgie dentar\u0103, ortodontie \u0219i profilaxie dentar\u0103. Z\u00e2mbetul t\u0103u, prioritatea noastr\u0103!","_seopress_robots_index":"","footnotes":""},"class_list":["post-15","page","type-page","status-publish","hentry"],"_links":{"self":[{"href":"https:\/\/rovadent.ro\/index.php\/wp-json\/wp\/v2\/pages\/15","targetHints":{"allow":["GET"]}}],"collection":[{"href":"https:\/\/rovadent.ro\/index.php\/wp-json\/wp\/v2\/pages"}],"about":[{"href":"https:\/\/rovadent.ro\/index.php\/wp-json\/wp\/v2\/types\/page"}],"author":[{"embeddable":true,"href":"https:\/\/rovadent.ro\/index.php\/wp-json\/wp\/v2\/users\/1"}],"replies":[{"embeddable":true,"href":"https:\/\/rovadent.ro\/index.php\/wp-json\/wp\/v2\/comments?post=15"}],"version-history":[{"count":25,"href":"https:\/\/rovadent.ro\/index.php\/wp-json\/wp\/v2\/pages\/15\/revisions"}],"predecessor-version":[{"id":222,"href":"https:\/\/rovadent.ro\/index.php\/wp-json\/wp\/v2\/pages\/15\/revisions\/222"}],"wp:attachment":[{"href":"https:\/\/rovadent.ro\/index.php\/wp-json\/wp\/v2\/media?parent=15"}],"curies":[{"name":"wp","href":"https:\/\/api.w.org\/{rel}","templated":true}]}}